9, what is -3 + 2825470?
2825466
In base 7, what is 211023442 - -3?
211023445
In base 7, what is 15123302 - -62?
15123364
In base 14, what is b2919d90 - 5?
b2919d89
In base 4, what is 1002 + -13131212?
-13130210
In base 16, what is -1199 - 1aa?
-1343
In base 14, what is -3 + 478ad8?
478ad5
In base 5, what is -10114 + 112014033?
112003414
In base 4, what is 101301012 - 113311?
101121101
In base 2, what is 110101010110011111 - 100001100010?
110100110100111101
In base 13, what is -11c52c2 - 0?
-11c52c2
In base 15, what is -59 + 2dd94?
2dd3a
In base 15, what is 102 + -7e615?
-7e513
In base 4, what is 22130 - -10122331?
10211121
In base 3, what is -1112 + 11111100120?
11111022001
In base 14, what is -70 + -24caa0?
-24cb30
In base 16, what is -9b2e - 237?
-9d65
In base 8, what is 106400137 + 43?
106400202
In base 10, what is 40 - -128577?
128617
In base 8, what is 25370502 - -3?
25370505
In base 10, what is -10 - -118001687?
118001677
In base 10, what is 92 - 83823?
-83731
In base 4, what is 111 - 13333312?
-13333201
In base 12, what is -38024b - 185?
-380414
In base 3, what is -2120 - 101120111?
-101200001
In base 9, what is -2578781 + 8?
-2578772
In base 3, what is -1000121200020211 + -2?
-1000121200020220
In base 16, what is -44c8bd - 1c?
-44c8d9
In base 5, what is 1044242 - 22412?
1021330
In base 14, what is c7 - -33d24?
3400b
In base 7, what is -4 + -2024414445?
-2024414452
In base 11, what is -7208630 + 9?
-7208622
In base 16, what is -b4379 - -8d?
-b42ec
In base 15, what is 0 - -1a3edc0?
1a3edc0
In base 7, what is 216662422 + 10?
216662432
In base 7, what is 453 - -23361?
24144
In base 10, what is -69403 - 139?
-69542
In base 14, what is -43b - -c700?
c2a3
In base 15, what is -a22323 + 1?
-a22322
In base 3, what is -1 + 1201110020210002?
1201110020210001
In base 16, what is 16ebfc + -9?
16ebf3
In base 14, what is -44d74 + 1b?
-44d57
In base 6, what is -44 + 14304001?
14303513
In base 3, what is 111012011 + 21210102?
202222120
In base 2, what is -11 + -11001111111010100001?
-11001111111010100100
In base 6, what is -2251201 - 11?
-2251212
In base 4, what is 1112200122 - -23?
1112200211
In base 12, what is 1 + -6bb8856?
-6bb8855
In base 15, what is -182 + 3bbb6?
3ba34
In base 6, what is -243 + -34431034?
-34431321
In base 11, what is 168509 - 61?
168458
In base 4, what is -31102100 - 2031112?
-33133212
In base 10, what is 14894 - -8870?
23764
In base 5, what is -204340230 - 30?
-204340310
In base 6, what is 403444 - -1522?
405410
In base 14, what is 76 - -b0d6?
b16c
In base 11, what is 1802 - -11a8?
29aa
In base 5, what is -2121 - -4210230?
4203104
In base 10, what is 14 + -546262?
-546248
In base 10, what is -1136654 - 0?
-1136654
In base 8, what is 454655076 + 4?
454655102
In base 3, what is 11 + -20112102210222?
-20112102210211
In base 6, what is -25320 - -13320?
-12000
In base 11, what is a1 - 23745?
-23654
In base 8, what is -13 + 344377463?
344377450
In base 8, what is -1 + -253325434?
-253325435
In base 10, what is -1746 - 52617?
-54363
In base 6, what is -5234042132 - 5?
-5234042141
In base 15, what is 14 + 27c5d4?
27c5e8
In base 3, what is -11121210002211 - 112?
-11121210010100
In base 11, what is 1864 + 4427a?
46033
In base 12, what is -63 + 268?
205
In base 10, what is -42956 + -1138?
-44094
In base 7, what is -121 - 16464606?
-16465030
In base 7, what is -12200043 + -4313?
-12204356
In base 4, what is 1230 + -13230112031?
-13230110201
In base 2, what is 1010100000011101 - -100001001001?
1011000001100110
In base 11, what is 42 + 198a97?
199029
In base 16, what is -1ad + -b8bc?
-ba69
In base 4, what is 1222123011 - 1132?
1222121213
In base 6, what is 4043521 - 2410?
4041111
In base 4, what is -2331 + -230011003?
-230020000
In base 12, what is -191 - -93179?
92ba8
In base 16, what is -11e63f - 1b?
-11e65a
In base 15, what is -3ea01 + -104?
-3eb05
In base 4, what is -211021221 - -303322?
-210111233
In base 15, what is 19bd82d0 + -1?
19bd82ce
In base 16, what is -1a + 16f78?
16f5e
In base 6, what is 425244321 + 2?
425244323
In base 9, what is 5555 - -11005?
16561
In base 3, what is 11021210 + -22122112?
-11100202
In base 3, what is 11100100221020 - 21?
11100100220222
In base 8, what is 406 - -4675602?
4676210
In base 16, what is -6 - -7dc0ba?
7dc0b4
In base 10, what is 3509 - -53636?
57145
In base 13, what is -2568 + -981a?
-c085
In base 16, what is -2 - -c6805?
c6803
In base 11, what is a479838 + 3?
a479840
In base 10, what is -4 - 230425102?
-230425106
In base 10, what is -1066519 + -8?
-1066527
In base 8, what is -1 + -176131532?
-176131533
In base 12, what is -2 + 3455213?
3455211
In base 10, what is -165095582 - 4?
-165095586
In base 10, what is 7972 - 1108?
6864
In base 2, what is -11100010101001010100 - 11010001000?
-11100011000011011100
In base 8, what is -1436 - 7064?
-10522
In base 14, what is 1460 + 25663?
26ac3
In base 15, what is -10d2 - -4a5?
-b2c
In base 14, what is 9ac707dd - 1?
9ac707dc
In base 10, what is -44498 - 3166?
-47664
In base 6, what is 40 - -520204003?
520204043
In base 14, what is -1 + -400696?
-400697
In base 5, what is 44303331 + 10232?
44314113
In base 4, what is 231 - -30230300203?
30230301100
In base 5, what is -4134033 + -1303?
-4140341
In base 16, what is e6 + -339b?
-32b5
In base 10, what is 1378 - -204?
1582
In base 10, what is 376438 + -152?
376286
In base 9, what is -4068201426 + -5?
-4068201432
In base 10, what is 202952 + 438?
203390
In base 12, what is -171 + 4055?
3aa4
In base 3, what is 1001 + 2121222000?
2122000001
In base 3, what is 2002010202 - 1202120122?
22120010
In base 14, what is -72b8c3 - -28?
-72b899
In base 12, what is -105 - 211b1?
-212b6
In base 16, what is -5 - -3516e9?
3516e4
In base 14, what is 1a - -9ba61c?
9ba638
In base 10, what is -34373021 + 5?
-34373016
In base 4, what is -130 - -1323233122110?
1323233121320
In base 15, what is -2b94d0 + 5?
-2b94ca
In base 7, what is -155 - 106112015?
-106112203
In base 14, what is 7255222 - 1?
7255221
In base 2, what is -1101111001011000001 - 101?
-1101111001011000110
In base 16, what is -183c + 9df2?
85b6
In base 7, what is -4 + 51152536?
51152532
In base 2, what is 1000110011011100001 + 10000010?
1000110011101100011
In base 10, what is 5 + 3656110?
3656115
In base 14, what is 25357b - -c?
253589
In base 6, what is -10450232155 - 3?
-10450232202
In base 12, what is 5 - 28402189?
-28402184
In base 10, what is 89 + 157519?
157608
In base 2, what is -1001000001110110100011 - 1101000?
-1001000001111000001011
In base 8, what is 5 + -1610421?
-1610414
In base 16, what is 22ea50e + -5?
22ea509
In base 7, what is 0 + -245563462?
-245563462
In base 11, what is -173a - -33163?
31524
In base 16, what is -3 + 1dcc772?
1dcc76f
In base 2, what is 11000111 - 11000000111100111011?
-11000000111001110100
In base 15, what is -acb6394 - 1?
-acb6395
In base 2, what is 110101001100100110110100010111 - 1?
110101001100100110110100010110
In base 14, what is -12d - -3685dd?
3684b0
In base 8, what is -60 + -1341527?
-1341607
In base 15, what is -741dd4 + -3?
-741dd7
In base 5, what is -30204201 - 1121?
-30210322
In base 12, what is 15720501 + 2?
15720503
In base 6, what is 10153 + 11544?
22141
In base 3, what is 21011022121 + -121?
21011022000
In base 10, what is -1385 + -3773?
-5158
In base 14, what is 2 + -b8518a?
-b85188
In base 9, what is 1773681 - 16?
1773664
In base 13, what is -ab3b + 338?
-a803
In base 13, what is -300 - -38ac?
35ac
In base 12, what is 27 - 12b4274a?
-12b42723
In base 9, what is 21145 + -1182?
18853
In base 15, what is 475a75 + 4?
475a79
In base 6, what is -5215 - -2144252?
2135033
In base 6, what is 434115055 + 5?
434115104
In base 11, what is -46 + -23781a1?
-2378237
In base 16, what is 1e + f89c2?
f89e0
In base 4, what is 301232323 + -110211?
301122112
In base 3, what is -1012111 - -201122012?
200102201
In base 4, what is -100 + -102302013?
-102302113
In base 5, what is 314240 + -14010?
300230
In base 12, what is 90052 - b4?
8bb5a
In base 8, what is -12704327 + 30?
-12704277
In base 12, what is 7269848 - 0?
7269848
In base 2, what is -10000101010011011 + -10110111010?
-10001000001010101
In base 4, what is -2 + 30302131120?
30302131112
In base 11, what is -11a6648 + -30?
-11a6678
In base 2, what is 100 - -10100101011110101111101?
10